0 - 29*h**4/24 + h**3/3 - h**2 + 17. Let x(n) be the second derivative of u(n). Determine x(5).
4
Let h(a) = 0*a + 3 + 5*a + 42. What is h(-19)?
-50
Let o(s) = -s - 11. Let z = -167 + 165. Let y = -2 - z. Calculate o(y).
-11
Let p(u) = -u**2 - 8*u + 8. Suppose 0 = m + 5*v - 191, 4*v - 3*v - 207 = -m. Suppose 209*w - 12 = m*w. Calculate p(w).
20
Suppose -283*y = -276*y - 182. Suppose -4*j + 2*d = y, 21*d - 26*d = -25. Let h(o) = -o**3 - 5*o**2 - 5*o + 3. What is h(j)?
7
Let n(i) = -4*i + 23. Suppose -5*h = t - 937 + 930, 4*h + 21 = 3*t. Determine n(t).
-5
Let g(v) = v**3 - 5*v**2 + 8. Suppose -5 = m - 2*m. Let y be g(m). Let o(x) = -x**2 + 7*x + 10. What is o(y)?
2
Suppose -2*a = -j - a + 38, -5*j = 5*a - 230. Let g = -38 + j. Suppose 0 = -3*f - 3*b - 2 - g, 0 = -2*f + b - 13. Let o(y) = y**3 + 5*y**2 + y + 5. Give o(f).
0
Let s(k) be the third derivative of 1/3*k**4 - 1/60*k**5 + 0 + 0*k - 17*k**2 - 2/3*k**3. Let r be -3 + -1 + (9 - -2). Determine s(r).
3
Suppose 2*j - 22 = 5*u, -3*j = 2*u + 3 + 2. Let i be 1*(j + -4 + 27). Let v(l) = i + 22*l - 11 - 12 - 3*l. Calculate v(-1).
-18
Let w(r) = r**3 - 2*r**2 + 4*r - 4. Suppose -l + 3*l + m = 15, -12 = -4*m. Suppose -l*u = -212 + 194. Calculate w(u).
17
Let n(d) = 6*d - 49. Let l = -14736 + 14743. What is n(l)?
-7
Let t(r) be the first derivative of r**4/4 - 5*r**3/3 - 3*r**2 + 9*r - 1. Let q be -1481 - (-5 - -4)*3. Let f = q + 1484. Give t(f).
9
Let y(i) = -i**2 - 3*i + 8. Let b be ((20/3)/1)/((-4)/(-6)). Suppose -b*a + a = -81. Suppose 4*v = a*v + 30. Determine y(v).
-10
Let k = 25512 + -25512. Let y(c) = -2*c - 39. Give y(k).
-39
Suppose 33 - 17 = -2*u. Let z(m) = 20*m**2 - 10*m - 13. Let o(b) = 9*b**2 - 4*b - 7. Let n(c) = -9*o(c) + 4*z(c). Calculate n(u).
-21
Let n(u) = 3*u**2 - 3*u + 1. Let s = -146 + 151. Let c(o) = -o - 21. Let f(i) = -i - 32. Let a(b) = s*f(b) - 8*c(b). Let d be a(-2). Calculate n(d).
7
Suppose -17*b - 21 = -24*b. Suppose w + 2*w = -b*z + 12, 16 = 3*z + 5*w. Let u(k) = -5*k**2. Give u(z).
-20
Suppose 4242*j + 23 = 4241*j. Let g(h) = 11*h + 252. Determine g(j).
-1
Let j(k) = 3*k**2 - 12 - 14 - 53 + 75 + 2*k. Let h be 1*2 + 3 + -5. Suppose f + f + 6 = h. What is j(f)?
17
Let v be (-1)/(-7) + 182/98. Let r(n) = 4*n**2 - 5*n**2 - 4*n**v - 2 - 2*n + 2*n**2. Determine r(-2).
-10
Suppose -w - c + 5 = 0, 4*w - 3*c + 4 = c. Let n(p) = 23*p**2 - 22*p**2 - 3*p + 3*p + 2*p + w. Suppose 0 = -7*s - 3*s - 50. Give n(s).
17
Suppose 0 = 25*n - 10*n + 135. Let h(p) = -p - 7. What is h(n)?
2
Let q = -7 + 14. Let j be 9 - q - (-1 - -1). Let y(c) = c**2 + 11*c - 1. Let h(v) = 8*v**2 + 53*v - 7. Let t(g) = -h(g) + 5*y(g). Calculate t(j).
-6
Let t(a) = -3*a**3 - 3*a**2 - 2*a + 1. Suppose 0 = 13*v - 11*v - 4. Suppose v*j + 4*o = j + 14, 5*j - 6 = -4*o. Calculate t(j).
17
Suppose -f - 4*f + 4*l + 63 = 0, 54 = 4*f - 5*l. Suppose 250 = 6*y - f*y. Let w = 45 + y. Let r(v) = v**2 + 6*v + 3. What is r(w)?
-2
Let t(p) = -p**2 - 9*p - 4. Let m(o) = 8*o**2 - 10*o + 3. Let r(d) = -d**3 - d - 1. Let i(c) = -m(c) - r(c). Let n be i(6). Give t(n).
4
Let n = -620 + 626. Let i(v) = 0*v**2 - n*v**2 - 2 - 2670*v + 2675*v. Calculate i(2).
-16
Let k(j) be the second derivative of 17*j**3/6 - j**2 + 1692*j. Give k(3).
49
Let b(k) = -3*k + 5. Let y be (-4 + (-144)/(-28))/(-3*(-6)/63). Calculate b(y).
-7
Let z be 4/(-10)*((-4)/(-6))/((-52)/(-195)). Let h(i) = 22*i + 3. Calculate h(z).
-19
Let s(u) = 21 - 122*u + 17 + 773*u**2 - u**3 - 762*u**2 + 244*u - 114*u. Calculate s(12).
-10
Let r be 4*1 + 6/(18/219). Let f = r + -79. Let u(z) = -6*z - 1. Determine u(f).
11
Let f be (580/100 - 7)/(4/(-30)). Let w(t) = -6*t**3 + 55*t**2 - 10*t + 6. Give w(f).
-3
Let k(z) = z**2 - 11. Let i(r) = 5*r**2 + 18*r - 8. Let q(f) = i(f) - 4*k(f). Suppose -2*u = -4*u - 4*g - 12, 5*u = -5*g - 55. What is q(u)?
4
Let l(s) be the first derivative of -s**5/60 - 3*s**4/8 - 3*s**3/2 + 28*s**2 + 47. Let m(v) be the second derivative of l(v). Give m(-7).
5
Let q(c) = 2*c + 15. Let u(p) = p**2 + 109*p + 1820. Let v be u(-21). Determine q(v).
-41
Let n = -5585 - -5587. Let w(j) = -7*j - 5. What is w(n)?
-19
Suppose 0 = 4*q - 2*h + 6, 0*q + 3*q - 9 = -3*h. Suppose 2*m = -4*k + 8, q*k = -4*k. Let t(g) = 628*g**2 + g**3 - 632*g**2 - 3 + g + 3. Determine t(m).
4
Suppose -113 = 63*u + 34 + 42. Let w(q) = q**3 - 3*q**2 - 7*q. Calculate w(u).
-33
Let g(u) = u**3 - 4*u**2 + 3*u + 2. Let z be g(3). Suppose w - 3*p = -6*p + 4, w + z*p - 5 = 0. Let t(b) = -b + 1 + 8 - w. Calculate t(-4).
6
Let d(k) be the third derivative of k**5/60 + 7*k**4/24 + 637*k**2 + 5. Let z = 8 - 16. Calculate d(z).
8
Let j(a) be the second derivative of -a**5/20 + 5*a**4/12 - 5*a**3/6 + 41*a**2/2 - 6266*a. Calculate j(5).
16
Let d(r) be the second derivative of -r**7/840 + r**6/90 + r**5/24 - r**4/24 - 65*r**3/6 - 60*r. Let z(h) be the second derivative of d(h). Give z(5).
-1
Let n(w) = 6*w**2 - 2*w**2 - w**2 - w - 2*w**2. Let j(v) = 5*v**2 - 4*v - 3. Let o(u) = -j(u) + 6*n(u). Let g = 133 - 130. Determine o(g).
6
Let c = 21 + -23. Let y be (-3)/c*6/(12/4). Let n(r) = 2 + 0 + 4*r + y*r + 4*r. Give n(-2).
-20
Let c(u) = -5*u**2 + 91*u + 55. Let m(n) = 13*n**2 - 268*n - 165. Let q(x) = 11*c(x) + 4*m(x). Give q(-23).
-9
Let w(x) = 23550*x - 47112*x - 165 + 23551*x. What is w(-15)?
0
Let g(f) = 42 - 73*f - 47*f + 117*f. Give g(17).
-9
Let j = -44310 - -44309. Let p(n) = n**3 + 3*n**2 + 2*n + 2. Let h be p(-2). Let r(i) = 9*i**h - 5 - i + 4 + 0. Determine r(j).
9
Let h = 10609 - 10605. Let u(p) be the first derivative of -p**2 - h + 3*p - 1/3*p**3. Give u(2).
-5
Suppose 136*b = 138*b + 426. Let t = 233 + b. Let u(d) = d**2 - 20*d + 4. What is u(t)?
4
Let z(c) = -22014*c + 11006*c + 11015*c - c**2 - 1 - 7. What is z(9)?
-26
Let i(g) = -12*g - 2. Let r(z) = -514*z - 4 + 3 + 0 + 513*z. Let x(h) = -i(h) + 5*r(h). Let u be (-4)/(-10) - -3*(-40)/(-75). What is x(u)?
11
Let s(d) be the first derivative of -d**4/4 - 2*d**3 + 2*d**2 + 7*d - 24902. Let b(v) = v**3 + 6*v**2 + 5*v - 7. Let c be b(-5). Calculate s(c).
28
Suppose -3*n - 49*r + 2 = -54*r, 0 = -n + 2*r. Let d(g) = -2*g**2 - 3*g + 5. Let b(f) = -3*f**2 - 2*f + 6. Let l(j) = -3*b(j) + 4*d(j). What is l(n)?
-6
Let u(y) = -y**2 - 16*y - 510742 + 5*y + 510718. What is u(-7)?
4
Let x(c) = c - 8. Let v = 30 + -44. Let n be 19188/(-1638) - (-1)/(v/4). Give x(n).
-20
Suppose 12 = -3*z - 0*z. Let r(j) be the second derivative of -j**4/12 - j**3/3 + 11*j**2/2 - 12*j. Let t(n) be the first derivative of r(n). What is t(z)?
6
Suppose -15*n + 11*n = -100. Suppose -20*o + 35 = -n*o. Let z = o + 0. Let a(u) = -u**3 - 6*u**2 + 6*u + 2. Determine a(z).
9
Let q(c) = -13*c + 13. Let y(z) = -z + 1. Let s = -75 - -18. Let x = 59 + s. Let i(d) = x*q(d) - 22*y(d). Give i(5).
-16
Let w(g) = -9*g - 4. Let o(z) = -39*z - 36. Let r(u) = o(u) - 5*w(u). Calculate r(-6).
-52
Let f(h) be the first derivative of h**6/120 - h**5/12 + 7*h**4/24 - 17*h**2 - 38. Let p(o) be the second derivative of f(o). Calculate p(5).
35
Let p(g) = -g**2 - 56*g + 813. Let b be p(12). Let y(k) = -6 + 6 - 3*k. What is y(b)?
9
Suppose 0 = -244*m + 241*m + x - 17, -2*x = 4*m + 6. Let l(n) = -2*n. Let o(v) = -1. Let c(y) = -l(y) - 4*o(y). What is c(m)?
-4
Let g(b) = -b**3 + b - 1. Suppose -r + 4 = 0, -3*w + 9*r - 14*r - 43 = 0. Let j(u) = 3*u + 61. Let i be j(w). Calculate g(i).
5
Let j(f) = f + 2. Let m be (-8)/6 - (-28380)/(-45). Let x = m - -624. Calculate j(x).
-6
Let n(l) = -l**3 + 9*l**2 + 38*l - 31. Let h = 8188 - 8176. Give n(h).
-7
Let x(p) = -5*p - 117. Let y(l) = 2*l + 20. Let m(h) = -x(h) - 6*y(h). Determine m(1).
-10
Let j be (-1143)/8763 + 49/23. Let s(n) = -54*n - 4. Give s(j).
-112
Let y(j) = -4 + 137*j + 2 - 134*j - 5. Suppose -23 = -3*c - 8. Calculate y(c).
8
Suppose 290 - 528 = -381*i - 3286. Let u(h) = 6*h + 56. What is u(i)?
8
Let s(o) = -20*o**3 - 90*o**2 - 67*o + 19. Let q(p) = -11*p**3 - 48*p**2 - 34*p + 10. Let r(h) = 11*q(h) - 6*s(h). What is r(14)?
-4
Let j(b) be the first derivative of b**2/2 + 4*b - 7. Let m be 4*1 - 0/(-24). Suppose -i = -y + 5, -8 = 4*y - m. Give j(i).
-2
Let z(v) be the second derivative of -v**3/2 - 12*v**2 - 10*v. Let j be z(-7). Let n(m) = 0*m**2 - 80*m + 3 + m**2 + 84*m. Calculate n(j).
0
Let v be (435/(-25))/(-3) + (-5)/25*-6. Let z(